hat is the remainder when 1359 is divided by 49?
36
What is the remainder when 2158 is divided by 180?
178
What is the remainder when 830 is divided by 13?
11
Calculate the remainder when 78 is divided by 18.
6
Calculate the remainder when 49 is divided by 10.
9
Calculate the remainder when 123 is divided by 63.
60
What is the remainder when 50 is divided by 5?
0
Calculate the remainder when 3270 is divided by 80.
70
What is the remainder when 14 is divided by 12?
2
What is the remainder when 1721 is divided by 32?
25
Calculate the remainder when 755 is divided by 63.
62
Calculate the remainder when 5072 is divided by 26.
2
Calculate the remainder when 195 is divided by 151.
44
Calculate the remainder when 536 is divided by 79.
62
What is the remainder when 1833 is divided by 6?
3
What is the remainder when 4362 is divided by 230?
222
What is the remainder when 694 is divided by 159?
58
Calculate the remainder when 5816 is divided by 201.
188
Calculate the remainder when 1874 is divided by 33.
26
What is the remainder when 85 is divided by 85?
0
Calculate the remainder when 70 is divided by 30.
10
What is the remainder when 226 is divided by 224?
2
What is the remainder when 928 is divided by 68?
44
What is the remainder when 719 is divided by 76?
35
What is the remainder when 335 is divided by 21?
20
Calculate the remainder when 1338 is divided by 21.
15
Calculate the remainder when 3052 is divided by 65.
62
What is the remainder when 343 is divided by 78?
31
What is the remainder when 137 is divided by 54?
29
What is the remainder when 82 is divided by 52?
30
Calculate the remainder when 251 is divided by 12.
11
Calculate the remainder when 84 is divided by 24.
12
What is the remainder when 1123 is divided by 9?
7
Calculate the remainder when 397 is divided by 139.
119
What is the remainder when 695 is divided by 17?
15
What is the remainder when 1814 is divided by 600?
14
Calculate the remainder when 426 is divided by 115.
81
What is the remainder when 119 is divided by 18?
11
What is the remainder when 1465 is divided by 64?
57
What is the remainder when 10873 is divided by 259?
254
Calculate the remainder when 94 is divided by 93.
1
Calculate the remainder when 194 is divided by 59.
17
What is the remainder when 54 is divided by 15?
9
Calculate the remainder when 194 is divided by 28.
26
Calculate the remainder when 280 is divided by 71.
67
What is the remainder when 327 is divided by 47?
45
What is the remainder when 604 is divided by 55?
54
Calculate the remainder when 102 is divided by 8.
6
What is the remainder when 181 is divided by 6?
1
Calculate the remainder when 1193 is divided by 28.
17
What is the remainder when 497 is divided by 50?
47
Calculate the remainder when 973 is divided by 335.
303
Calculate the remainder when 35 is divided by 4.
3
What is the remainder when 79 is divided by 21?
16
Calculate the remainder when 547 is divided by 12.
7
Calculate the remainder when 214 is divided by 65.
19
Calculate the remainder when 966 is divided by 51.
48
Calculate the remainder when 796 is divided by 271.
254
Calculate the remainder when 2431 is divided by 1207.
17
Calculate the remainder when 509 is divided by 64.
61
What is the remainder when 4415 is divided by 71?
13
What is the remainder when 271 is divided by 7?
5
What is the remainder when 65 is divided by 36?
29
What is the remainder when 133 is divided by 69?
64
Calculate the remainder when 525 is divided by 68.
49
Calculate the remainder when 123 is divided by 61.
1
What is the remainder when 46 is divided by 16?
14
What is the remainder when 971 is divided by 482?
7
What is the remainder when 71 is divided by 6?
5
Calculate the remainder when 258 is divided by 93.
72
Calculate the remainder when 319 is divided by 129.
61
Calculate the remainder when 1 is divided by 1.
0
Calculate the remainder when 1258 is divided by 168.
82
What is the remainder when 271 is divided by 68?
67
What is the remainder when 1219 is divided by 112?
99
Calculate the remainder when 526 is divided by 43.
10
What is the remainder when 986 is divided by 76?
74
Calculate the remainder when 7348 is divided by 25.
23
What is the remainder when 74 is divided by 38?
36
What is the remainder when 276 is divided by 13?
3
Calculate the remainder when 155 is divided by 6.
5
Calculate the remainder when 13745 is divided by 59.
57
What is the remainder when 2205 is divided by 548?
13
Calculate the remainder when 522 is divided by 25.
22
What is the remainder when 499 is divided by 147?
58
Calculate the remainder when 67 is divided by 17.
16
What is the remainder when 1331 is divided by 9?
8
What is the remainder when 270 is divided by 21?
18
What is the remainder when 822 is divided by 69?
63
What is the remainder when 1523 is divided by 25?
23
What is the remainder when 424 is divided by 41?
14
What is the remainder when 45 is divided by 26?
19
Calculate the remainder when 4903 is divided by 82.
65
Calculate the remainder when 36 is divided by 20.
16
What is the remainder when 91 is divided by 36?
19
What is the remainder when 1438 is divided by 361?
355
Calculate the remainder when 160 is divided by 16.
0
What is the remainder when 303 is divided by 63?
51
Calculate the remainder when 446 is divided by 159.
128
What is the remainder when 235 is divided by 61?
52
Calculate the remainder when 879 is divided by 43.
19
What is the remainder when 95 is divided by 11?
7
Calculate the remainder when 2138 is divided by 27.
5
What is the remainder when 37 is divided by 20?
17
Calculate the remainder when 75 is divided by 16.
11
What is the remainder when 2412 is divided by 78?
72
Calculate the remainder when 185 is divided by 72.
41
Calculate the remainder when 3231 is divided by 16.
15
Calculate the remainder when 124 is divided by 66.
58
Calculate the remainder when 474 is divided by 146.
36
Calculate the remainder when 967 is divided by 57.
55
Calculate the remainder when 350 is divided by 8.
6
What is the remainder when 455 is divided by 6?
5
Calculate the remainder when 4221 is divided by 24.
21
What is the remainder when 339 is divided by 9?
6
Calculate the remainder when 34 is divided by 15.
4
Calculate the remainder when 6824 is divided by 402.
392
Calculate the remainder when 5174 is divided by 74.
68
What is the remainder when 509 is divided by 85?
84
Calculate the remainder when 188 is divided by 15.
8
Calculate the remainder when 2583 is divided by 34.
33
Calculate the remainder when 560 is divided by 57.
47
What is the remainder when 350 is divided by 88?
86
What is the remainder when 1029 is divided by 265?
234
What is the remainder when 1430 is divided by 90?
80
Calculate the remainder when 329 is divided by 109.
2
Calculate the remainder when 338 is divided by 194.
144
What is the remainder when 485 is divided by 24?
5
What is the remainder when 177 is divided by 74?
29
What is the remainder when 5393 is divided by 19?
16
What is the remainder when 1517 is divided by 152?
149
Calculate the remainder when 78 is divided by 10.
8
What is the remainder when 457 is divided by 51?
49
What is the remainder when 303 is divided by 83?
54
Calculate the remainder when 83 is divided by 45.
38
What is the remainder when 1243 is divided by 602?
39
What is the remainder when 42 is divided by 27?
15
What is the remainder when 82 is divided by 5?
2
Calculate the remainder when 3768 is divided by 57.
6
Calculate the remainder when 65 is divided by 21.
2
Calculate the remainder when 3944 is divided by 15.
14
What is the remainder when 100 is divided by 37?
26
What is the remainder when 70 is divided by 50?
20
What is the remainder when 370 is divided by 97?
79
What is the remainder when 530 is divided by 117?
62
Calculate the remainder when 358 is divided by 13.
7
Calculate the remainder when 12136 is divided by 51.
49
What is the remainder when 3444 is divided by 53?
52
Calculate the remainder when 42 is divided by 41.
1
What is the remainder when 379 is divided by 23?
11
Calculate the remainder when 1661 is divided by 52.
49
What is the remainder when 103 is divided by 41?
21
Calculate the remainder when 49 is divided by 47.
2
Calculate the remainder when 245 is divided by 41.
40
What is the remainder when 42 is d